Let l be t(-13). Let s(c) = 37*c**2 - 5*c - 1. Is s(l) prime?
False
Let u(g) be the third derivative of g**5/60 - 9*g**4/8 + 10343*g**3/2 + 3*g**2 + 12*g. Is u(0) a prime number?
False
Let o(l) = 6*l**2 + 9*l - 7. Let r be o(3). Let v = 532 - r. Is v composite?
True
Is (-4 - 88/(-20))/((-10)/(-1553725)) composite?
True
Let g(u) = 272*u**2 + 32*u + 219. Is g(58) prime?
True
Let p = -72403 + 189561. Suppose -49431 = -23*y + p. Is y prime?
True
Let a(d) = 4848*d - 61. Is a(8) prime?
True
Let v(a) be the second derivative of -a**5/20 - 5*a**4/3 + 2*a**3/3 + 24*a**2 + 40*a. Let q be v(-20). Is -2973*(q/(-12))/(-8) composite?
False
Let f(q) = -q + 59. Let r be f(6). Let n = -77 + r. Let t(d) = -d**3 - 23*d**2 + 18*d - 57. Is t(n) a prime number?
False
Suppose -35*q = 10*q - 1592059 + 241564. Is q prime?
True
Let n be (-11 + 1454)*3/9. Suppose 4*p - 33789 = -n. Is p a composite number?
True
Let j = 120706 - 66753. Is j a composite number?
True
Is (-647 - (-180)/(-12))*974/(-4) a prime number?
False
Let i(z) be the second derivative of 2 - 77/2*z**2 - 7*z**3 - 9*z. Is i(-12) prime?
False
Let g(m) = m**3 - 23*m**2 - 26*m + 45. Let u be g(24). Let v be u/(-6) - 2028/(-24). Suppose -5*s = -j - v - 626, s = -3*j + 155. Is s composite?
True
Suppose 946 = w - 322. Suppose -8*t + 4101 = -291. Let v = w - t. Is v prime?
True
Suppose 0 = -19*s + 76*s + 1374783. Let y = s + 36234. Is y composite?
True
Let h = 30 - 26. Let a(r) = 705*r - 19. Let j be a(h). Let n = j + -1704. Is n composite?
False
Let g be (-2)/(-22) + (-250632)/(-396). Suppose 5*t - g = 2. Is t composite?
False
Suppose 3240387 = 3*b - 5*z, 3*b - z = 3338415 - 98052. Is b prime?
True
Let n(p) = 5*p**2 - 8*p - 11. Let g(q) = -q**3 - q**2 - 1. Let m(b) = -2*g(b) - n(b). Is m(10) a prime number?
False
Suppose 132*t - 869752 = 1857764. Is t prime?
True
Suppose -158*m = -63*m - 100348405. Is m a composite number?
True
Let b(j) = j**2 + 4 + 0*j**2 + 4*j**3 - 2*j**2 + 15*j**2 - 3*j. Is b(5) a prime number?
True
Suppose -4*k + 3 - 35 = 0. Let b(x) = x**3 + 21*x**2 + 13*x + 17. Let q be b(k). Let j = -224 + q. Is j composite?
False
Let y(d) = 124 - 3*d + 396 + 477. Is y(0) a prime number?
True
Suppose -4*l = -5*l. Suppose 21*t = 32 + 94. Is -1 + (l + t)*16 prime?
False
Let r(g) = 1921*g**2 - 2*g - 2. Let z(u) = -29 - u**2 + 25*u + 6 - 2. Let t be z(24). Is r(t) composite?
True
Let z(g) = -139*g**3 - 13*g**2 + 32*g - 58. Let o be z(11). Is 4/(-44) - o/33 a prime number?
False
Let y(h) = -h**3 - 14*h**2 - 8*h + 65. Let v be y(-13). Suppose v = n - 3*z - 1021 - 4414, -2*n - 5*z + 10870 = 0. Is n a prime number?
False
Suppose 1 = -2*y - 7, 3*x - 5*y = -3628. Let n = x + 3119. Is n composite?
True
Let v be (-153744)/120*(-4 + (0 - 1)). Is (5*1 - (-16 + v))*-1 a prime number?
False
Suppose j - 704334 = -3*n - 263646, -2*j + 881326 = -4*n. Is j a composite number?
True
Let v be (105/(-70))/((-2)/(411664/(-3))). Is (-3)/(-15) + (v/(-20) - -1) prime?
True
Let i be 3/(4*(-6)/(-16)) + -34. Let k = 34 + i. Is (-3738)/9*(-3)/k a composite number?
True
Let j(x) = -8258*x + 2169. Is j(-149) a composite number?
False
Let t be (-11909)/(-9) - 4 - (-2)/(-9). Let f = 176 - t. Let j = -592 - f. Is j a composite number?
True
Let d be (6/(-24))/((-2)/40). Suppose 0 = -3*t + 5*o + d, -16 = -3*t - t + 2*o. Suppose 0 = t*h + 25, -3*h - 649 = -4*p - 2*h. Is p a prime number?
False
Let k(i) = 75*i**2 - 24*i + 16. Let c(m) = -224*m**2 + 70*m - 47. Let t(p) = -6*c(p) - 17*k(p). Is t(7) a composite number?
False
Let w = 271 - 271. Let i(h) = -h**3 + 2*h**2 + 2*h + 5389. Is i(w) prime?
False
Let w(x) = 78*x**2 + 24*x - 33*x**2 - 25 - 41*x**2. Let q be w(-17). Suppose -v + q = -970. Is v composite?
False
Let v(r) = 240318*r + 259. Is v(2) a prime number?
False
Suppose u - 76 = -74. Suppose 5*b + p = 9530, 7*b - 3*b - u*p - 7638 = 0. Is b a composite number?
False
Let s(z) be the third derivative of -5*z**4/8 - 37*z**3/6 - 44*z**2. Is s(-16) composite?
True
Suppose -51*g = 295*g - 7693310. Is g prime?
False
Suppose -4 = -5*u + 5*l + 171, -3*u + 5*l = -109. Let i(h) = h**3 - 7*h**2 - 22*h + 13. Is i(u) composite?
True
Let n(g) = 52*g**2 + 67*g + 282. Is n(79) a composite number?
True
Let u be ((-32595)/3)/(10/6 + -2). Suppose -u = 6*g - 21*g. Is g composite?
True
Suppose 5*g = -w + 1017257, 20*w - 4*g - 4069124 = 16*w. Is w a prime number?
True
Let x be -5 - 0 - (1320/308)/((-4)/14). Let d(g) = -224*g + 43. Let b(f) = f + 1. Let n(p) = 2*b(p) - d(p). Is n(x) a composite number?
True
Let i = 2164 + -1400. Suppose 10*n = 9906 + i. Is n a composite number?
True
Let b(i) = 10511*i - 5610. Is b(13) prime?
False
Suppose w + 4036 = -2*f, 0 = f + 3*w - 8*w + 2040. Let s = 3916 + f. Suppose 0 = 3*o + 2*g - 2833, 2*o + 10*g = 5*g + s. Is o prime?
False
Let u be (-44)/(-6) + (-8)/24. Suppose 5*v + 41 = 2*b, 0*v - v = -b + u. Is (-211)/(30/v - -3) prime?
False
Let x = -169 - -1101. Suppose -g + 4*b + 448 = 0, 5*g = 3*g - b + x. Suppose s - g = 165. Is s a prime number?
False
Let h(t) = -499*t - 93. Let z be h(-38). Let k = z - -380. Is k prime?
True
Suppose 481596 = 7*p - 155467. Is p prime?
True
Let v(a) = 7324*a - 4481. Is v(13) prime?
True
Let k be (138/(-24) + 5)/((-1)/4). Suppose k*o + 2*i - i = 5, -i = 4*o - 5. Is 2696 - (o - 1 - (-11 + 13)) prime?
True
Suppose 91354 = -18*u + 250888. Let j = u + -5270. Is j prime?
True
Let k = 7764 - 3511. Let t = k + -1512. Is t composite?
False
Let i(s) = -1751*s + 1853*s + 21 - 76. Is i(13) a composite number?
True
Let k(q) = -25 + 16*q - 5*q**2 + 20*q**2 + 33*q**2. Is k(6) a prime number?
False
Suppose 0*a = 9*a - 18. Let o be 0 - (-79569)/a - (-2)/(-4). Is o/32 + 2/(-16)*2 a composite number?
True
Suppose -p - a + 45633 = 0, 20 - 22 = a. Suppose 27*s - 22*s = p. Is s a composite number?
False
Suppose -4*m + 5*k = 660, k = 3*m + 2*k + 476. Let t = m - -240. Let z = t + -41. Is z a composite number?
True
Let b(q) = -5 + 12 + q**3 - 8*q + 23*q**2 + 8*q + 11*q. Let u = 150 - 166. Is b(u) composite?
True
Is 26886 + (-4)/8*-32 composite?
True
Let q = 3480 + -1375. Let u = 11122 - q. Is u prime?
False
Let z(t) = -662*t + 3. Let c be z(1). Let s be (c*12/(-10))/(21/70). Suppose -3506 = -4*w + 3*i, -8*w + 5*w = i - s. Is w a prime number?
False
Let b = -265663 - -451064. Is b composite?
False
Suppose -t = 4*m - 9, -3*t - 3 = m + m. Suppose -2*i - 1066 = -m*b, 2*i = -5*b + i + 1794. Let r = b - 93. Is r a prime number?
False
Let d(k) = 4*k**2 - 45*k + 132322. Is d(0) a prime number?
False
Let j(d) = d**3 + 3*d**2 - d + 1. Let r be j(-3). Let x(h) = -2*h**2 + 4*h - 12. Let l be x(r). Is (-60)/(-14) + 8/l - -1810 a prime number?
False
Suppose w = 4*p - 631775 - 32085, 3*p - 497902 = -w. Suppose -48*n = 222 - p. Is n composite?
True
Suppose -2*n = -4, -3*n + 146712 = 2*r - 344600. Is r composite?
False
Let t(v) = 17067*v + 478. Is t(15) a prime number?
True
Is 127485 - 6 - (-6)/9*3 composite?
False
Suppose 0 = -3*j - 2*v + 2, 33 = -0*j + 2*j - 5*v. Suppose -5*u + 1019 = -j*u. Is u prime?
True
Suppose 2*f = 12, -m + f - 3275 = -27468. Is m prime?
False
Let z(u) be the first derivative of -16*u**2 + 5*u + 19 + 10*u**2 + 15*u**2. Is z(4) composite?
True
Let b be (-3)/2 + 46802*7/(-28). Let k = b - -23385. Is k composite?
True
Let b = 2475 + -1439. Let w = b - 657. Is w a composite number?
False
Let j(x) = -28935*x + 1939. Is j(-12) prime?
False
Let q = 371 - 374. Let b(n) = -32*n**3 - 4*n - 13. Is b(q) a composite number?
False
Suppose 143*o = 142*o + 28321. Is o prime?
False
Let w be 1121440/80 + -2*1 + 1. Let x = 26030 - w. Is x a composite number?
True
Let p(w) = 12. Let u(j) = j - 24. Let r(i) = 7*p(i) + 3*u(i). Let f be r(-8). Is (5 - (-3116)/f)/(2/(-3)) prime?
False
Let k(r) = r**2 + 41*r + 67. Let w be k(-44). Let t(d) = -174*d. Let a be t(-1). Let z = a + w. Is z composite?
False
Let x = -1869 + 3770. Let g = x + 72. Is g a composite number?
False
Suppose -430693 = -2*b + 17*f - 12*f, 215349 = b - 2*f. Is b composite?
False
Is (14 + -11 - 574/(-4))*358 composite?
True
Let w(s) be the third derivative of -s**6/120 + 13*s**5/60 + 3*s**4/4 + 2*s**3 - 18*s**2. Let j be w(9). Is j + 2 + -4 + 3 prime?
True
Let s = -11411 - -16012. Is s prime?
False
Let d be (-3126)/(-4) - (-1 + 3/2). Let i(u) = -u**3 - u**2 - 7*u 